{"id":17,"date":"2025-07-11T07:35:56","date_gmt":"2025-07-11T07:35:56","guid":{"rendered":"https:\/\/shop.tritone-music.de\/index.php\/agb\/"},"modified":"2025-07-11T11:47:24","modified_gmt":"2025-07-11T11:47:24","slug":"agb","status":"publish","type":"page","link":"https:\/\/shop.tritone-music.de\/index.php\/agb\/","title":{"rendered":"AGB"},"content":{"rendered":"\n<p><strong>Allgemeine Gesch\u00e4ftsbedingungen<\/strong><\/p>\n\n\n\n<p><strong>1.&nbsp;<a href=\"file:\/\/\/Users\/Flo\/Downloads\/Allgemeine%20Gescha%CC%88ftsbedingungen.html#geltungsbereich\">Geltungsbereich&nbsp;<\/a><\/strong><br><strong>2.&nbsp;<a href=\"file:\/\/\/Users\/Flo\/Downloads\/Allgemeine%20Gescha%CC%88ftsbedingungen.html#vertragspartner,_vertragsschluss,_korrekturm%C3%B6glichkeiten\">Vertragspartner, Vertragsschluss, Korrekturm\u00f6glichkeiten&nbsp;<\/a><\/strong><br><strong>3.&nbsp;<a href=\"file:\/\/\/Users\/Flo\/Downloads\/Allgemeine%20Gescha%CC%88ftsbedingungen.html#vertragssprache,_vertragstextspeicherung\">Vertragssprache, Vertragstextspeicherung&nbsp;<\/a><\/strong><br><strong>4.&nbsp;<a href=\"file:\/\/\/Users\/Flo\/Downloads\/Allgemeine%20Gescha%CC%88ftsbedingungen.html#lieferbedingungen\">Lieferbedingungen&nbsp;<\/a><\/strong><br><strong>5.&nbsp;<a href=\"file:\/\/\/Users\/Flo\/Downloads\/Allgemeine%20Gescha%CC%88ftsbedingungen.html#bezahlung\">Bezahlung&nbsp;<\/a><\/strong><br><strong>6.&nbsp;<a href=\"file:\/\/\/Users\/Flo\/Downloads\/Allgemeine%20Gescha%CC%88ftsbedingungen.html#gew%C3%A4hrleistung_und_garantien\">Gew\u00e4hrleistung und Garantien&nbsp;<\/a><\/strong><br><strong>7.&nbsp;<a href=\"file:\/\/\/Users\/Flo\/Downloads\/Allgemeine%20Gescha%CC%88ftsbedingungen.html#streitbeilegung\">Streitbeilegung&nbsp;<\/a><\/strong><\/p>\n\n\n\n<h2 class=\"wp-block-heading\" id=\"geltungsbereich\">1.&nbsp;Geltungsbereich&nbsp;<\/h2>\n\n\n\n<p>F\u00fcr alle Bestellungen \u00fcber unseren Online-Shop gelten die nachfolgenden AGB. Unser Online-Shop richtet sich ausschlie\u00dflich an Verbraucher.<\/p>\n\n\n\n<p>Verbraucher ist jede nat\u00fcrliche Person, die ein Rechtsgesch\u00e4ft zu Zwecken abschlie\u00dft, die \u00fcberwiegend weder ihrer gewerblichen noch ihrer selbst\u00e4ndigen beruflichen T\u00e4tigkeit zugerechnet werden k\u00f6nnen. Unternehmer ist eine nat\u00fcrliche oder juristische Person oder eine rechtsf\u00e4hige Personengesellschaft, die bei Abschluss eines Rechtsgesch\u00e4fts in Aus\u00fcbung ihrer gewerblichen oder selbst\u00e4ndigen beruflichen T\u00e4tigkeit handelt.<\/p>\n\n\n\n<h2 class=\"wp-block-heading\" id=\"vertragspartner,_vertragsschluss,_korrekturm\u00f6glichkeiten\">2.&nbsp;Vertragspartner, Vertragsschluss, Korrekturm\u00f6glichkeiten<\/h2>\n\n\n\n<p>Der Kaufvertrag kommt zustande mit Tritone Music Florian Richter.<\/p>\n\n\n\n<p>Mit Einstellung der Produkte in den Online-Shop geben wir ein verbindliches Angebot zum Vertragsschluss \u00fcber diese Produkte ab. Sie k\u00f6nnen unsere Produkte zun\u00e4chst unverbindlich in den Warenkorb legen und Ihre Eingaben vor Absenden Ihrer verbindlichen Bestellung jederzeit korrigieren, indem Sie die hierf\u00fcr im Bestellablauf vorgesehenen und erl\u00e4uterten Korrekturhilfen nutzen. Der Vertrag kommt zustande, indem Sie durch Anklicken des Bestellbuttons das Angebot \u00fcber die im Warenkorb enthaltenen Produkte annehmen. Unmittelbar nach dem Absenden der Bestellung erhalten Sie noch einmal eine Best\u00e4tigung per E-Mail.<\/p>\n\n\n\n<h2 class=\"wp-block-heading\" id=\"vertragssprache,_vertragstextspeicherung\">3.&nbsp;Vertragssprache, Vertragstextspeicherung<\/h2>\n\n\n\n<p>Die f\u00fcr den Vertragsschluss zur Verf\u00fcgung stehende(n) Sprache(n): Deutsch<\/p>\n\n\n\n<p>Wir speichern den Vertragstext und senden Ihnen die Bestelldaten und unsere AGB in Textform zu. Der Vertragstext ist aus Sicherheitsgr\u00fcnden nicht mehr \u00fcber das Internet zug\u00e4nglich.<\/p>\n\n\n\n<h2 class=\"wp-block-heading\" id=\"lieferbedingungen\">4.&nbsp;Lieferbedingungen<\/h2>\n\n\n\n<h3 class=\"wp-block-heading\" id=\"lieferoptionen\">&nbsp;Lieferoptionen&nbsp;<\/h3>\n\n\n\n<p>Wir versenden die Produkte an die im Bestellprozess angegebene Lieferadresse.&nbsp;<\/p>\n\n\n\n<p>Sie haben grunds\u00e4tzlich die M\u00f6glichkeit der Abholung bei Tritone Music Florian Richter, Klostermarkt 5, 08523 Plauen, Deutschland zu den nachfolgend angegebenen Gesch\u00e4ftszeiten: siehe \u00d6ffnungszeiten<\/p>\n\n\n\n<p>Wir liefern nicht an Packstationen.<\/p>\n\n\n\n<h2 class=\"wp-block-heading\" id=\"bezahlung\">5.&nbsp;Bezahlung<\/h2>\n\n\n\n<p>In unserem Shop stehen Ihnen grunds\u00e4tzlich die nachfolgenden Zahlungsarten zur Verf\u00fcgung.<\/p>\n\n\n\n<p><strong>Vorkasse<\/strong><br>Bei Auswahl der Zahlungsart Vorkasse nennen wir Ihnen unsere Bankverbindung in separater E-Mail und liefern die Ware nach Zahlungseingang.<\/p>\n\n\n\n<h2 class=\"wp-block-heading\" id=\"gew\u00e4hrleistung_und_garantien\">6.&nbsp;Gew\u00e4hrleistung und Garantien<\/h2>\n\n\n\n<h3 class=\"wp-block-heading\" id=\"m\u00e4ngelhaftungsrecht\">6.1&nbsp;M\u00e4ngelhaftungsrecht&nbsp;<\/h3>\n\n\n\n<p>Es gilt das gesetzliche M\u00e4ngelhaftungsrecht.<\/p>\n\n\n\n<h3 class=\"wp-block-heading\" id=\"garantien_und_kundendienst\">6.2&nbsp;Garantien und Kundendienst&nbsp;<\/h3>\n\n\n\n<p>Informationen zu gegebenenfalls geltenden zus\u00e4tzlichen Garantien und deren genaue Bedingungen finden Sie jeweils beim Produkt und auf besonderen Informationsseiten im Online-Shop.<\/p>\n\n\n\n<h2 class=\"wp-block-heading\" id=\"streitbeilegung\">7.&nbsp;Streitbeilegung<\/h2>\n\n\n\n<p>Zur Teilnahme an einem Streitbeilegungsverfahren vor einer Verbraucherschlichtungsstelle sind wir nicht verpflichtet und nicht bereit.<\/p>\n","protected":false},"excerpt":{"rendered":"<p>Allgemeine Gesch\u00e4ftsbedingungen 1.&nbsp;Geltungsbereich&nbsp;2.&nbsp;Vertragspartner, Vertragsschluss, Korrekturm\u00f6glichkeiten&nbsp;3.&nbsp;Vertragssprache, Vertragstextspeicherung&nbsp;4.&nbsp;Lieferbedingungen&nbsp;5.&nbsp;Bezahlung&nbsp;6.&nbsp;Gew\u00e4hrleistung und Garantien&nbsp;7.&nbsp;Streitbeilegung&nbsp; 1.&nbsp;Geltungsbereich&nbsp; F\u00fcr alle Bestellungen \u00fcber unseren Online-Shop gelten die nachfolgenden AGB. Unser [&hellip;]<\/p>\n","protected":false},"author":1,"featured_media":0,"parent":0,"menu_order":0,"comment_status":"closed","ping_status":"closed","template":"","meta":{"site-sidebar-layout":"default","site-content-layout":"","ast-site-content-layout":"default","site-content-style":"default","site-sidebar-style":"default","ast-global-header-display":"","ast-banner-title-visibility":"","ast-main-header-display":"","ast-hfb-above-header-display":"","ast-hfb-below-header-display":"","ast-hfb-mobile-header-display":"","site-post-title":"","ast-breadcrumbs-content":"","ast-featured-img":"","footer-sml-layout":"","ast-disable-related-posts":"","theme-transparent-header-meta":"","adv-header-id-meta":"","stick-header-meta":"","header-above-stick-meta":"","header-main-stick-meta":"","header-below-stick-meta":"","astra-migrate-meta-layouts":"default","ast-page-background-enabled":"default","ast-page-background-meta":{"desktop":{"background-color":"var(--ast-global-color-5)","background-image":"","background-repeat":"repeat","background-position":"center center","background-size":"auto","background-attachment":"scroll","background-type":"","background-media":"","overlay-type":"","overlay-color":"","overlay-opacity":"","overlay-gradient":""},"tablet":{"background-color":"","background-image":"","background-repeat":"repeat","background-position":"center center","background-size":"auto","background-attachment":"scroll","background-type":"","background-media":"","overlay-type":"","overlay-color":"","overlay-opacity":"","overlay-gradient":""},"mobile":{"background-color":"","background-image":"","background-repeat":"repeat","background-position":"center center","background-size":"auto","background-attachment":"scroll","background-type":"","background-media":"","overlay-type":"","overlay-color":"","overlay-opacity":"","overlay-gradient":""}},"ast-content-background-meta":{"desktop":{"background-color":"var(--ast-global-color-4)","background-image":"","background-repeat":"repeat","background-position":"center center","background-size":"auto","background-attachment":"scroll","background-type":"","background-media":"","overlay-type":"","overlay-color":"","overlay-opacity":"","overlay-gradient":""},"tablet":{"background-color":"var(--ast-global-color-4)","background-image":"","background-repeat":"repeat","background-position":"center center","background-size":"auto","background-attachment":"scroll","background-type":"","background-media":"","overlay-type":"","overlay-color":"","overlay-opacity":"","overlay-gradient":""},"mobile":{"background-color":"var(--ast-global-color-4)","background-image":"","background-repeat":"repeat","background-position":"center center","background-size":"auto","background-attachment":"scroll","background-type":"","background-media":"","overlay-type":"","overlay-color":"","overlay-opacity":"","overlay-gradient":""}},"footnotes":""},"class_list":["post-17","page","type-page","status-publish","hentry"],"yoast_head":"<!-- This site is optimized with the Yoast SEO plugin v27.3 - https:\/\/yoast.com\/product\/yoast-seo-wordpress\/ -->\n<title>AGB - Tritone Music<\/title>\n<meta name=\"robots\" content=\"index, follow, max-snippet:-1, max-image-preview:large, max-video-preview:-1\" \/>\n<link rel=\"canonical\" href=\"https:\/\/shop.tritone-music.de\/index.php\/agb\/\" \/>\n<meta property=\"og:locale\" content=\"de_DE\" \/>\n<meta property=\"og:type\" content=\"article\" \/>\n<meta property=\"og:title\" content=\"AGB - Tritone Music\" \/>\n<meta property=\"og:description\" content=\"Allgemeine Gesch\u00e4ftsbedingungen 1.&nbsp;Geltungsbereich&nbsp;2.&nbsp;Vertragspartner, Vertragsschluss, Korrekturm\u00f6glichkeiten&nbsp;3.&nbsp;Vertragssprache, Vertragstextspeicherung&nbsp;4.&nbsp;Lieferbedingungen&nbsp;5.&nbsp;Bezahlung&nbsp;6.&nbsp;Gew\u00e4hrleistung und Garantien&nbsp;7.&nbsp;Streitbeilegung&nbsp; 1.&nbsp;Geltungsbereich&nbsp; F\u00fcr alle Bestellungen \u00fcber unseren Online-Shop gelten die nachfolgenden AGB. Unser [&hellip;]\" \/>\n<meta property=\"og:url\" content=\"https:\/\/shop.tritone-music.de\/index.php\/agb\/\" \/>\n<meta property=\"og:site_name\" content=\"Tritone Music\" \/>\n<meta property=\"article:modified_time\" content=\"2025-07-11T11:47:24+00:00\" \/>\n<meta name=\"twitter:card\" content=\"summary_large_image\" \/>\n<meta name=\"twitter:label1\" content=\"Gesch\u00e4tzte Lesezeit\" \/>\n\t<meta name=\"twitter:data1\" content=\"2\u00a0Minuten\" \/>\n<script type=\"application\/ld+json\" class=\"yoast-schema-graph\">{\"@context\":\"https:\\\/\\\/schema.org\",\"@graph\":[{\"@type\":\"WebPage\",\"@id\":\"https:\\\/\\\/shop.tritone-music.de\\\/index.php\\\/agb\\\/\",\"url\":\"https:\\\/\\\/shop.tritone-music.de\\\/index.php\\\/agb\\\/\",\"name\":\"AGB - Tritone Music\",\"isPartOf\":{\"@id\":\"https:\\\/\\\/shop.tritone-music.de\\\/#website\"},\"datePublished\":\"2025-07-11T07:35:56+00:00\",\"dateModified\":\"2025-07-11T11:47:24+00:00\",\"breadcrumb\":{\"@id\":\"https:\\\/\\\/shop.tritone-music.de\\\/index.php\\\/agb\\\/#breadcrumb\"},\"inLanguage\":\"de\",\"potentialAction\":[{\"@type\":\"ReadAction\",\"target\":[\"https:\\\/\\\/shop.tritone-music.de\\\/index.php\\\/agb\\\/\"]}]},{\"@type\":\"BreadcrumbList\",\"@id\":\"https:\\\/\\\/shop.tritone-music.de\\\/index.php\\\/agb\\\/#breadcrumb\",\"itemListElement\":[{\"@type\":\"ListItem\",\"position\":1,\"name\":\"Startseite\",\"item\":\"https:\\\/\\\/shop.tritone-music.de\\\/\"},{\"@type\":\"ListItem\",\"position\":2,\"name\":\"AGB\"}]},{\"@type\":\"WebSite\",\"@id\":\"https:\\\/\\\/shop.tritone-music.de\\\/#website\",\"url\":\"https:\\\/\\\/shop.tritone-music.de\\\/\",\"name\":\"Tritone Music\",\"description\":\"guitar store\",\"publisher\":{\"@id\":\"https:\\\/\\\/shop.tritone-music.de\\\/#organization\"},\"potentialAction\":[{\"@type\":\"SearchAction\",\"target\":{\"@type\":\"EntryPoint\",\"urlTemplate\":\"https:\\\/\\\/shop.tritone-music.de\\\/?s={search_term_string}\"},\"query-input\":{\"@type\":\"PropertyValueSpecification\",\"valueRequired\":true,\"valueName\":\"search_term_string\"}}],\"inLanguage\":\"de\"},{\"@type\":\"Organization\",\"@id\":\"https:\\\/\\\/shop.tritone-music.de\\\/#organization\",\"name\":\"Tritone Music\",\"url\":\"https:\\\/\\\/shop.tritone-music.de\\\/\",\"logo\":{\"@type\":\"ImageObject\",\"inLanguage\":\"de\",\"@id\":\"https:\\\/\\\/shop.tritone-music.de\\\/#\\\/schema\\\/logo\\\/image\\\/\",\"url\":\"https:\\\/\\\/shop.tritone-music.de\\\/wp-content\\\/uploads\\\/2025\\\/09\\\/Tritone-Guitar-Logo-weiss.png\",\"contentUrl\":\"https:\\\/\\\/shop.tritone-music.de\\\/wp-content\\\/uploads\\\/2025\\\/09\\\/Tritone-Guitar-Logo-weiss.png\",\"width\":2308,\"height\":642,\"caption\":\"Tritone Music\"},\"image\":{\"@id\":\"https:\\\/\\\/shop.tritone-music.de\\\/#\\\/schema\\\/logo\\\/image\\\/\"}}]}<\/script>\n<!-- \/ Yoast SEO plugin. -->","yoast_head_json":{"title":"AGB - Tritone Music","robots":{"index":"index","follow":"follow","max-snippet":"max-snippet:-1","max-image-preview":"max-image-preview:large","max-video-preview":"max-video-preview:-1"},"canonical":"https:\/\/shop.tritone-music.de\/index.php\/agb\/","og_locale":"de_DE","og_type":"article","og_title":"AGB - Tritone Music","og_description":"Allgemeine Gesch\u00e4ftsbedingungen 1.&nbsp;Geltungsbereich&nbsp;2.&nbsp;Vertragspartner, Vertragsschluss, Korrekturm\u00f6glichkeiten&nbsp;3.&nbsp;Vertragssprache, Vertragstextspeicherung&nbsp;4.&nbsp;Lieferbedingungen&nbsp;5.&nbsp;Bezahlung&nbsp;6.&nbsp;Gew\u00e4hrleistung und Garantien&nbsp;7.&nbsp;Streitbeilegung&nbsp; 1.&nbsp;Geltungsbereich&nbsp; F\u00fcr alle Bestellungen \u00fcber unseren Online-Shop gelten die nachfolgenden AGB. Unser [&hellip;]","og_url":"https:\/\/shop.tritone-music.de\/index.php\/agb\/","og_site_name":"Tritone Music","article_modified_time":"2025-07-11T11:47:24+00:00","twitter_card":"summary_large_image","twitter_misc":{"Gesch\u00e4tzte Lesezeit":"2\u00a0Minuten"},"schema":{"@context":"https:\/\/schema.org","@graph":[{"@type":"WebPage","@id":"https:\/\/shop.tritone-music.de\/index.php\/agb\/","url":"https:\/\/shop.tritone-music.de\/index.php\/agb\/","name":"AGB - Tritone Music","isPartOf":{"@id":"https:\/\/shop.tritone-music.de\/#website"},"datePublished":"2025-07-11T07:35:56+00:00","dateModified":"2025-07-11T11:47:24+00:00","breadcrumb":{"@id":"https:\/\/shop.tritone-music.de\/index.php\/agb\/#breadcrumb"},"inLanguage":"de","potentialAction":[{"@type":"ReadAction","target":["https:\/\/shop.tritone-music.de\/index.php\/agb\/"]}]},{"@type":"BreadcrumbList","@id":"https:\/\/shop.tritone-music.de\/index.php\/agb\/#breadcrumb","itemListElement":[{"@type":"ListItem","position":1,"name":"Startseite","item":"https:\/\/shop.tritone-music.de\/"},{"@type":"ListItem","position":2,"name":"AGB"}]},{"@type":"WebSite","@id":"https:\/\/shop.tritone-music.de\/#website","url":"https:\/\/shop.tritone-music.de\/","name":"Tritone Music","description":"guitar store","publisher":{"@id":"https:\/\/shop.tritone-music.de\/#organization"},"potentialAction":[{"@type":"SearchAction","target":{"@type":"EntryPoint","urlTemplate":"https:\/\/shop.tritone-music.de\/?s={search_term_string}"},"query-input":{"@type":"PropertyValueSpecification","valueRequired":true,"valueName":"search_term_string"}}],"inLanguage":"de"},{"@type":"Organization","@id":"https:\/\/shop.tritone-music.de\/#organization","name":"Tritone Music","url":"https:\/\/shop.tritone-music.de\/","logo":{"@type":"ImageObject","inLanguage":"de","@id":"https:\/\/shop.tritone-music.de\/#\/schema\/logo\/image\/","url":"https:\/\/shop.tritone-music.de\/wp-content\/uploads\/2025\/09\/Tritone-Guitar-Logo-weiss.png","contentUrl":"https:\/\/shop.tritone-music.de\/wp-content\/uploads\/2025\/09\/Tritone-Guitar-Logo-weiss.png","width":2308,"height":642,"caption":"Tritone Music"},"image":{"@id":"https:\/\/shop.tritone-music.de\/#\/schema\/logo\/image\/"}}]}},"jetpack_sharing_enabled":true,"_links":{"self":[{"href":"https:\/\/shop.tritone-music.de\/index.php\/wp-json\/wp\/v2\/pages\/17","targetHints":{"allow":["GET"]}}],"collection":[{"href":"https:\/\/shop.tritone-music.de\/index.php\/wp-json\/wp\/v2\/pages"}],"about":[{"href":"https:\/\/shop.tritone-music.de\/index.php\/wp-json\/wp\/v2\/types\/page"}],"author":[{"embeddable":true,"href":"https:\/\/shop.tritone-music.de\/index.php\/wp-json\/wp\/v2\/users\/1"}],"replies":[{"embeddable":true,"href":"https:\/\/shop.tritone-music.de\/index.php\/wp-json\/wp\/v2\/comments?post=17"}],"version-history":[{"count":1,"href":"https:\/\/shop.tritone-music.de\/index.php\/wp-json\/wp\/v2\/pages\/17\/revisions"}],"predecessor-version":[{"id":85,"href":"https:\/\/shop.tritone-music.de\/index.php\/wp-json\/wp\/v2\/pages\/17\/revisions\/85"}],"wp:attachment":[{"href":"https:\/\/shop.tritone-music.de\/index.php\/wp-json\/wp\/v2\/media?parent=17"}],"curies":[{"name":"wp","href":"https:\/\/api.w.org\/{rel}","templated":true}]}}