{"id":224,"date":"2025-09-05T16:23:51","date_gmt":"2025-09-05T16:23:51","guid":{"rendered":"https:\/\/shop.tritone-music.de\/?page_id=224"},"modified":"2026-01-22T12:53:11","modified_gmt":"2026-01-22T12:53:11","slug":"laden","status":"publish","type":"page","link":"https:\/\/shop.tritone-music.de\/index.php\/laden\/","title":{"rendered":"Ladengesch\u00e4ft"},"content":{"rendered":"\n<p><\/p>\n\n\n\n<h3 class=\"wp-block-heading\" style=\"padding-right:var(--wp--preset--spacing--80);padding-left:var(--wp--preset--spacing--80)\">Der Laden<\/h3>\n\n\n\n<p style=\"border-style:none;border-width:0px;margin-right:0;margin-left:0;padding-top:0;padding-right:var(--wp--preset--spacing--80);padding-bottom:0;padding-left:var(--wp--preset--spacing--80)\">Tritone Music &#8211; guitar store: das Fachgesch\u00e4ft f\u00fcr neue und gebrauchte Gitarren, B\u00e4sse, Verst\u00e4rker und Effektger\u00e4te \u2013 mitten in Plauen.<br>Der Fokus liegt auf hochwertigen, gebrauchten Instrumenten und ausgew\u00e4hltem Equipment \u2013 mit einer besonderen Leidenschaft f\u00fcr exklusive Importgitarren aus Japan. Bei mir findest du bekannte Marken, und seltene Einzelst\u00fccke.<br>Egal ob du auf der Suche nach einem speziellen Instrument bist oder einfach nur st\u00f6bern m\u00f6chtest \u2013 komm vorbei! Alle Instrumente k\u00f6nnen ausgiebig getestet werden \u2013 ohne Zeitdruck, daf\u00fcr mit ehrlicher Beratung und echter Begeisterung f\u00fcr Musik.<\/p>\n\n\n\n<div class=\"wp-block-columns has-ast-global-color-6-background-color has-background is-layout-flex wp-container-core-columns-is-layout-bee20ccf wp-block-columns-is-layout-flex\" style=\"margin-top:0;margin-bottom:0;padding-top:var(--wp--preset--spacing--30);padding-right:var(--wp--preset--spacing--80);padding-bottom:var(--wp--preset--spacing--30);padding-left:var(--wp--preset--spacing--80)\">\n<div class=\"wp-block-column is-layout-flow wp-block-column-is-layout-flow\">\n<p class=\"has-text-align-left\" style=\"margin-right:0;margin-left:0;padding-right:0;padding-left:0\"><strong>Adresse<br><\/strong><br>Klostermarkt 5<br>08523 Plauen<\/p>\n<\/div>\n\n\n\n<div class=\"wp-block-column is-layout-flow wp-block-column-is-layout-flow\">\n<p style=\"margin-top:0;margin-bottom:0\"><strong>\u00d6ffnungszeiten<\/strong><br><br>Di &#8211; Fr: 12 bis 18 Uhr<br>Sa: 10 bis 13 Uhr<br>So + Mo: geschlossen<\/p>\n<\/div>\n<\/div>\n\n\n\n<div style=\"height:20px\" aria-hidden=\"true\" class=\"wp-block-spacer\"><\/div>\n\n\n\n<div class=\"wp-block-columns has-ast-global-color-6-background-color has-background is-layout-flex wp-container-core-columns-is-layout-bee20ccf wp-block-columns-is-layout-flex\" style=\"margin-top:0;margin-bottom:0;padding-top:var(--wp--preset--spacing--30);padding-right:var(--wp--preset--spacing--80);padding-bottom:var(--wp--preset--spacing--30);padding-left:var(--wp--preset--spacing--80)\">\n<div class=\"wp-block-column is-layout-flow wp-block-column-is-layout-flow\">\n<p class=\"has-text-align-left\" style=\"margin-right:0;margin-left:0;padding-right:0;padding-left:0\"><strong>Mail<br><\/strong><br>guitar@tritone-music.de<\/p>\n<\/div>\n\n\n\n<div class=\"wp-block-column is-layout-flow wp-block-column-is-layout-flow\">\n<p style=\"margin-top:0;margin-bottom:0;padding-top:0;padding-bottom:0\"><strong>Telefon<\/strong><br><br>+49 3741 6392177<\/p>\n<\/div>\n<\/div>\n\n\n\n<div style=\"height:20px\" aria-hidden=\"true\" class=\"wp-block-spacer\"><\/div>\n\n\n\n<div class=\"wp-block-jetpack-slideshow aligncenter\" data-effect=\"slide\" style=\"--aspect-ratio:calc(1024 \/ 684)\"><div class=\"wp-block-jetpack-slideshow_container swiper\"><ul class=\"wp-block-jetpack-slideshow_swiper-wrapper swiper-wrapper\"><li class=\"wp-block-jetpack-slideshow_slide swiper-slide\"><figure><img loading=\"lazy\" decoding=\"async\" width=\"1024\" height=\"684\" alt=\"Guitars\" class=\"wp-block-jetpack-slideshow_image wp-image-355\" data-id=\"355\" data-aspect-ratio=\"1024 \/ 684\" src=\"https:\/\/shop.tritone-music.de\/wp-content\/uploads\/2025\/09\/store-2-1024x684.jpg\" srcset=\"https:\/\/shop.tritone-music.de\/wp-content\/uploads\/2025\/09\/store-2-1024x684.jpg 1024w, https:\/\/shop.tritone-music.de\/wp-content\/uploads\/2025\/09\/store-2-300x200.jpg 300w, https:\/\/shop.tritone-music.de\/wp-content\/uploads\/2025\/09\/store-2-768x513.jpg 768w, https:\/\/shop.tritone-music.de\/wp-content\/uploads\/2025\/09\/store-2-1536x1026.jpg 1536w, https:\/\/shop.tritone-music.de\/wp-content\/uploads\/2025\/09\/store-2-2048x1368.jpg 2048w, https:\/\/shop.tritone-music.de\/wp-content\/uploads\/2025\/09\/store-2-400x267.jpg 400w\" sizes=\"(max-width: 1024px) 100vw, 1024px\" \/><\/figure><\/li><li class=\"wp-block-jetpack-slideshow_slide swiper-slide\"><figure><img loading=\"lazy\" decoding=\"async\" width=\"1024\" height=\"684\" alt=\"Amps\" class=\"wp-block-jetpack-slideshow_image wp-image-356\" data-id=\"356\" data-aspect-ratio=\"1024 \/ 684\" src=\"https:\/\/shop.tritone-music.de\/wp-content\/uploads\/2025\/09\/store4-1024x684.jpg\" srcset=\"https:\/\/shop.tritone-music.de\/wp-content\/uploads\/2025\/09\/store4-1024x684.jpg 1024w, https:\/\/shop.tritone-music.de\/wp-content\/uploads\/2025\/09\/store4-300x200.jpg 300w, https:\/\/shop.tritone-music.de\/wp-content\/uploads\/2025\/09\/store4-768x513.jpg 768w, https:\/\/shop.tritone-music.de\/wp-content\/uploads\/2025\/09\/store4-1536x1026.jpg 1536w, https:\/\/shop.tritone-music.de\/wp-content\/uploads\/2025\/09\/store4-2048x1368.jpg 2048w, https:\/\/shop.tritone-music.de\/wp-content\/uploads\/2025\/09\/store4-400x267.jpg 400w\" sizes=\"(max-width: 1024px) 100vw, 1024px\" \/><\/figure><\/li><li class=\"wp-block-jetpack-slideshow_slide swiper-slide\"><figure><img loading=\"lazy\" decoding=\"async\" width=\"1024\" height=\"684\" alt=\"Effects\" class=\"wp-block-jetpack-slideshow_image wp-image-354\" data-id=\"354\" data-aspect-ratio=\"1024 \/ 684\" src=\"https:\/\/shop.tritone-music.de\/wp-content\/uploads\/2025\/09\/store-3-1024x684.jpg\" srcset=\"https:\/\/shop.tritone-music.de\/wp-content\/uploads\/2025\/09\/store-3-1024x684.jpg 1024w, https:\/\/shop.tritone-music.de\/wp-content\/uploads\/2025\/09\/store-3-300x200.jpg 300w, https:\/\/shop.tritone-music.de\/wp-content\/uploads\/2025\/09\/store-3-768x513.jpg 768w, https:\/\/shop.tritone-music.de\/wp-content\/uploads\/2025\/09\/store-3-1536x1026.jpg 1536w, https:\/\/shop.tritone-music.de\/wp-content\/uploads\/2025\/09\/store-3-2048x1368.jpg 2048w, https:\/\/shop.tritone-music.de\/wp-content\/uploads\/2025\/09\/store-3-400x267.jpg 400w\" sizes=\"(max-width: 1024px) 100vw, 1024px\" \/><\/figure><\/li><\/ul><a class=\"wp-block-jetpack-slideshow_button-prev swiper-button-prev swiper-button-white\" role=\"button\"><\/a><a class=\"wp-block-jetpack-slideshow_button-next swiper-button-next swiper-button-white\" role=\"button\"><\/a><a aria-label=\"Pause Slideshow\" class=\"wp-block-jetpack-slideshow_button-pause\" role=\"button\"><\/a><div class=\"wp-block-jetpack-slideshow_pagination swiper-pagination swiper-pagination-white\"><\/div><\/div><\/div>\n\n\n\n<div style=\"height:100px\" aria-hidden=\"true\" class=\"wp-block-spacer\"><\/div>\n","protected":false},"excerpt":{"rendered":"<p>Der Laden Tritone Music &#8211; guitar store: das Fachgesch\u00e4ft f\u00fcr neue und gebrauchte Gitarren, B\u00e4sse, Verst\u00e4rker und Effektger\u00e4te \u2013 mitten [&hellip;]<\/p>\n","protected":false},"author":1,"featured_media":0,"parent":0,"menu_order":0,"comment_status":"closed","ping_status":"closed","template":"","meta":{"site-sidebar-layout":"default","site-content-layout":"","ast-site-content-layout":"default","site-content-style":"default","site-sidebar-style":"default","ast-global-header-display":"","ast-banner-title-visibility":"","ast-main-header-display":"","ast-hfb-above-header-display":"","ast-hfb-below-header-display":"","ast-hfb-mobile-header-display":"","site-post-title":"disabled","ast-breadcrumbs-content":"","ast-featured-img":"","footer-sml-layout":"","ast-disable-related-posts":"","theme-transparent-header-meta":"","adv-header-id-meta":"","stick-header-meta":"","header-above-stick-meta":"","header-main-stick-meta":"","header-below-stick-meta":"","astra-migrate-meta-layouts":"default","ast-page-background-enabled":"default","ast-page-background-meta":{"desktop":{"background-color":"var(--ast-global-color-5)","background-image":"","background-repeat":"repeat","background-position":"center center","background-size":"auto","background-attachment":"scroll","background-type":"","background-media":"","overlay-type":"","overlay-color":"","overlay-opacity":"","overlay-gradient":""},"tablet":{"background-color":"","background-image":"","background-repeat":"repeat","background-position":"center center","background-size":"auto","background-attachment":"scroll","background-type":"","background-media":"","overlay-type":"","overlay-color":"","overlay-opacity":"","overlay-gradient":""},"mobile":{"background-color":"","background-image":"","background-repeat":"repeat","background-position":"center center","background-size":"auto","background-attachment":"scroll","background-type":"","background-media":"","overlay-type":"","overlay-color":"","overlay-opacity":"","overlay-gradient":""}},"ast-content-background-meta":{"desktop":{"background-color":"var(--ast-global-color-4)","background-image":"","background-repeat":"repeat","background-position":"center center","background-size":"auto","background-attachment":"scroll","background-type":"","background-media":"","overlay-type":"","overlay-color":"","overlay-opacity":"","overlay-gradient":""},"tablet":{"background-color":"var(--ast-global-color-4)","background-image":"","background-repeat":"repeat","background-position":"center center","background-size":"auto","background-attachment":"scroll","background-type":"","background-media":"","overlay-type":"","overlay-color":"","overlay-opacity":"","overlay-gradient":""},"mobile":{"background-color":"var(--ast-global-color-4)","background-image":"","background-repeat":"repeat","background-position":"center center","background-size":"auto","background-attachment":"scroll","background-type":"","background-media":"","overlay-type":"","overlay-color":"","overlay-opacity":"","overlay-gradient":""}},"footnotes":""},"class_list":["post-224","page","type-page","status-publish","hentry"],"yoast_head":"<!-- This site is optimized with the Yoast SEO plugin v27.3 - https:\/\/yoast.com\/product\/yoast-seo-wordpress\/ -->\n<title>Ladengesch\u00e4ft - Tritone Music<\/title>\n<meta name=\"description\" content=\"Tritone Music - guitar store: das Fachgesch\u00e4ft f\u00fcr gebrauchte Gitarren, B\u00e4sse, Verst\u00e4rker und Effektger\u00e4te \u2013 mitten in Plauen.\" \/>\n<meta name=\"robots\" content=\"index, follow, max-snippet:-1, max-image-preview:large, max-video-preview:-1\" \/>\n<link rel=\"canonical\" href=\"https:\/\/shop.tritone-music.de\/index.php\/laden\/\" \/>\n<meta property=\"og:locale\" content=\"de_DE\" \/>\n<meta property=\"og:type\" content=\"article\" \/>\n<meta property=\"og:title\" content=\"Ladengesch\u00e4ft - Tritone Music\" \/>\n<meta property=\"og:description\" content=\"Tritone Music - guitar store: das Fachgesch\u00e4ft f\u00fcr gebrauchte Gitarren, B\u00e4sse, Verst\u00e4rker und Effektger\u00e4te \u2013 mitten in Plauen.\" \/>\n<meta property=\"og:url\" content=\"https:\/\/shop.tritone-music.de\/index.php\/laden\/\" \/>\n<meta property=\"og:site_name\" content=\"Tritone Music\" \/>\n<meta property=\"article:modified_time\" content=\"2026-01-22T12:53:11+00:00\" \/>\n<meta property=\"og:image\" content=\"https:\/\/shop.tritone-music.de\/wp-content\/uploads\/2025\/09\/store-2-scaled.jpg\" \/>\n\t<meta property=\"og:image:width\" content=\"2560\" \/>\n\t<meta property=\"og:image:height\" content=\"1709\" \/>\n\t<meta property=\"og:image:type\" content=\"image\/jpeg\" \/>\n<meta name=\"twitter:card\" content=\"summary_large_image\" \/>\n<meta name=\"twitter:label1\" content=\"Gesch\u00e4tzte Lesezeit\" \/>\n\t<meta name=\"twitter:data1\" content=\"2\u00a0Minuten\" \/>\n<script type=\"application\/ld+json\" class=\"yoast-schema-graph\">{\"@context\":\"https:\\\/\\\/schema.org\",\"@graph\":[{\"@type\":\"WebPage\",\"@id\":\"https:\\\/\\\/shop.tritone-music.de\\\/index.php\\\/laden\\\/\",\"url\":\"https:\\\/\\\/shop.tritone-music.de\\\/index.php\\\/laden\\\/\",\"name\":\"Ladengesch\u00e4ft - Tritone Music\",\"isPartOf\":{\"@id\":\"https:\\\/\\\/shop.tritone-music.de\\\/#website\"},\"primaryImageOfPage\":{\"@id\":\"https:\\\/\\\/shop.tritone-music.de\\\/index.php\\\/laden\\\/#primaryimage\"},\"image\":{\"@id\":\"https:\\\/\\\/shop.tritone-music.de\\\/index.php\\\/laden\\\/#primaryimage\"},\"thumbnailUrl\":\"https:\\\/\\\/shop.tritone-music.de\\\/wp-content\\\/uploads\\\/2025\\\/09\\\/store-2-1024x684.jpg\",\"datePublished\":\"2025-09-05T16:23:51+00:00\",\"dateModified\":\"2026-01-22T12:53:11+00:00\",\"description\":\"Tritone Music - guitar store: das Fachgesch\u00e4ft f\u00fcr gebrauchte Gitarren, B\u00e4sse, Verst\u00e4rker und Effektger\u00e4te \u2013 mitten in Plauen.\",\"breadcrumb\":{\"@id\":\"https:\\\/\\\/shop.tritone-music.de\\\/index.php\\\/laden\\\/#breadcrumb\"},\"inLanguage\":\"de\",\"potentialAction\":[{\"@type\":\"ReadAction\",\"target\":[\"https:\\\/\\\/shop.tritone-music.de\\\/index.php\\\/laden\\\/\"]}]},{\"@type\":\"ImageObject\",\"inLanguage\":\"de\",\"@id\":\"https:\\\/\\\/shop.tritone-music.de\\\/index.php\\\/laden\\\/#primaryimage\",\"url\":\"https:\\\/\\\/shop.tritone-music.de\\\/wp-content\\\/uploads\\\/2025\\\/09\\\/store-2-scaled.jpg\",\"contentUrl\":\"https:\\\/\\\/shop.tritone-music.de\\\/wp-content\\\/uploads\\\/2025\\\/09\\\/store-2-scaled.jpg\",\"width\":2560,\"height\":1709,\"caption\":\"Guitars\"},{\"@type\":\"BreadcrumbList\",\"@id\":\"https:\\\/\\\/shop.tritone-music.de\\\/index.php\\\/laden\\\/#breadcrumb\",\"itemListElement\":[{\"@type\":\"ListItem\",\"position\":1,\"name\":\"Startseite\",\"item\":\"https:\\\/\\\/shop.tritone-music.de\\\/\"},{\"@type\":\"ListItem\",\"position\":2,\"name\":\"Ladengesch\u00e4ft\"}]},{\"@type\":\"WebSite\",\"@id\":\"https:\\\/\\\/shop.tritone-music.de\\\/#website\",\"url\":\"https:\\\/\\\/shop.tritone-music.de\\\/\",\"name\":\"Tritone Music\",\"description\":\"guitar store\",\"publisher\":{\"@id\":\"https:\\\/\\\/shop.tritone-music.de\\\/#organization\"},\"potentialAction\":[{\"@type\":\"SearchAction\",\"target\":{\"@type\":\"EntryPoint\",\"urlTemplate\":\"https:\\\/\\\/shop.tritone-music.de\\\/?s={search_term_string}\"},\"query-input\":{\"@type\":\"PropertyValueSpecification\",\"valueRequired\":true,\"valueName\":\"search_term_string\"}}],\"inLanguage\":\"de\"},{\"@type\":\"Organization\",\"@id\":\"https:\\\/\\\/shop.tritone-music.de\\\/#organization\",\"name\":\"Tritone Music\",\"url\":\"https:\\\/\\\/shop.tritone-music.de\\\/\",\"logo\":{\"@type\":\"ImageObject\",\"inLanguage\":\"de\",\"@id\":\"https:\\\/\\\/shop.tritone-music.de\\\/#\\\/schema\\\/logo\\\/image\\\/\",\"url\":\"https:\\\/\\\/shop.tritone-music.de\\\/wp-content\\\/uploads\\\/2025\\\/09\\\/Tritone-Guitar-Logo-weiss.png\",\"contentUrl\":\"https:\\\/\\\/shop.tritone-music.de\\\/wp-content\\\/uploads\\\/2025\\\/09\\\/Tritone-Guitar-Logo-weiss.png\",\"width\":2308,\"height\":642,\"caption\":\"Tritone Music\"},\"image\":{\"@id\":\"https:\\\/\\\/shop.tritone-music.de\\\/#\\\/schema\\\/logo\\\/image\\\/\"}}]}<\/script>\n<!-- \/ Yoast SEO plugin. -->","yoast_head_json":{"title":"Ladengesch\u00e4ft - Tritone Music","description":"Tritone Music - guitar store: das Fachgesch\u00e4ft f\u00fcr gebrauchte Gitarren, B\u00e4sse, Verst\u00e4rker und Effektger\u00e4te \u2013 mitten in Plauen.","robots":{"index":"index","follow":"follow","max-snippet":"max-snippet:-1","max-image-preview":"max-image-preview:large","max-video-preview":"max-video-preview:-1"},"canonical":"https:\/\/shop.tritone-music.de\/index.php\/laden\/","og_locale":"de_DE","og_type":"article","og_title":"Ladengesch\u00e4ft - Tritone Music","og_description":"Tritone Music - guitar store: das Fachgesch\u00e4ft f\u00fcr gebrauchte Gitarren, B\u00e4sse, Verst\u00e4rker und Effektger\u00e4te \u2013 mitten in Plauen.","og_url":"https:\/\/shop.tritone-music.de\/index.php\/laden\/","og_site_name":"Tritone Music","article_modified_time":"2026-01-22T12:53:11+00:00","og_image":[{"width":2560,"height":1709,"url":"https:\/\/shop.tritone-music.de\/wp-content\/uploads\/2025\/09\/store-2-scaled.jpg","type":"image\/jpeg"}],"twitter_card":"summary_large_image","twitter_misc":{"Gesch\u00e4tzte Lesezeit":"2\u00a0Minuten"},"schema":{"@context":"https:\/\/schema.org","@graph":[{"@type":"WebPage","@id":"https:\/\/shop.tritone-music.de\/index.php\/laden\/","url":"https:\/\/shop.tritone-music.de\/index.php\/laden\/","name":"Ladengesch\u00e4ft - Tritone Music","isPartOf":{"@id":"https:\/\/shop.tritone-music.de\/#website"},"primaryImageOfPage":{"@id":"https:\/\/shop.tritone-music.de\/index.php\/laden\/#primaryimage"},"image":{"@id":"https:\/\/shop.tritone-music.de\/index.php\/laden\/#primaryimage"},"thumbnailUrl":"https:\/\/shop.tritone-music.de\/wp-content\/uploads\/2025\/09\/store-2-1024x684.jpg","datePublished":"2025-09-05T16:23:51+00:00","dateModified":"2026-01-22T12:53:11+00:00","description":"Tritone Music - guitar store: das Fachgesch\u00e4ft f\u00fcr gebrauchte Gitarren, B\u00e4sse, Verst\u00e4rker und Effektger\u00e4te \u2013 mitten in Plauen.","breadcrumb":{"@id":"https:\/\/shop.tritone-music.de\/index.php\/laden\/#breadcrumb"},"inLanguage":"de","potentialAction":[{"@type":"ReadAction","target":["https:\/\/shop.tritone-music.de\/index.php\/laden\/"]}]},{"@type":"ImageObject","inLanguage":"de","@id":"https:\/\/shop.tritone-music.de\/index.php\/laden\/#primaryimage","url":"https:\/\/shop.tritone-music.de\/wp-content\/uploads\/2025\/09\/store-2-scaled.jpg","contentUrl":"https:\/\/shop.tritone-music.de\/wp-content\/uploads\/2025\/09\/store-2-scaled.jpg","width":2560,"height":1709,"caption":"Guitars"},{"@type":"BreadcrumbList","@id":"https:\/\/shop.tritone-music.de\/index.php\/laden\/#breadcrumb","itemListElement":[{"@type":"ListItem","position":1,"name":"Startseite","item":"https:\/\/shop.tritone-music.de\/"},{"@type":"ListItem","position":2,"name":"Ladengesch\u00e4ft"}]},{"@type":"WebSite","@id":"https:\/\/shop.tritone-music.de\/#website","url":"https:\/\/shop.tritone-music.de\/","name":"Tritone Music","description":"guitar store","publisher":{"@id":"https:\/\/shop.tritone-music.de\/#organization"},"potentialAction":[{"@type":"SearchAction","target":{"@type":"EntryPoint","urlTemplate":"https:\/\/shop.tritone-music.de\/?s={search_term_string}"},"query-input":{"@type":"PropertyValueSpecification","valueRequired":true,"valueName":"search_term_string"}}],"inLanguage":"de"},{"@type":"Organization","@id":"https:\/\/shop.tritone-music.de\/#organization","name":"Tritone Music","url":"https:\/\/shop.tritone-music.de\/","logo":{"@type":"ImageObject","inLanguage":"de","@id":"https:\/\/shop.tritone-music.de\/#\/schema\/logo\/image\/","url":"https:\/\/shop.tritone-music.de\/wp-content\/uploads\/2025\/09\/Tritone-Guitar-Logo-weiss.png","contentUrl":"https:\/\/shop.tritone-music.de\/wp-content\/uploads\/2025\/09\/Tritone-Guitar-Logo-weiss.png","width":2308,"height":642,"caption":"Tritone Music"},"image":{"@id":"https:\/\/shop.tritone-music.de\/#\/schema\/logo\/image\/"}}]}},"jetpack_sharing_enabled":true,"_links":{"self":[{"href":"https:\/\/shop.tritone-music.de\/index.php\/wp-json\/wp\/v2\/pages\/224","targetHints":{"allow":["GET"]}}],"collection":[{"href":"https:\/\/shop.tritone-music.de\/index.php\/wp-json\/wp\/v2\/pages"}],"about":[{"href":"https:\/\/shop.tritone-music.de\/index.php\/wp-json\/wp\/v2\/types\/page"}],"author":[{"embeddable":true,"href":"https:\/\/shop.tritone-music.de\/index.php\/wp-json\/wp\/v2\/users\/1"}],"replies":[{"embeddable":true,"href":"https:\/\/shop.tritone-music.de\/index.php\/wp-json\/wp\/v2\/comments?post=224"}],"version-history":[{"count":24,"href":"https:\/\/shop.tritone-music.de\/index.php\/wp-json\/wp\/v2\/pages\/224\/revisions"}],"predecessor-version":[{"id":1349,"href":"https:\/\/shop.tritone-music.de\/index.php\/wp-json\/wp\/v2\/pages\/224\/revisions\/1349"}],"wp:attachment":[{"href":"https:\/\/shop.tritone-music.de\/index.php\/wp-json\/wp\/v2\/media?parent=224"}],"curies":[{"name":"wp","href":"https:\/\/api.w.org\/{rel}","templated":true}]}}